 5*z, -4*q = -3*z + 412. List the prime factors of z.
2, 5, 7
Let c(t) = -t**3 + 3*t**2 + 361. List the prime factors of c(0).
19
Suppose 5*f + 3 - 13 = 0. What are the prime factors of (-7 - -4) + 2 + f*50?
3, 11
Let t(g) = 3*g**2 + 78*g - 34. List the prime factors of t(7).
659
Let z(n) = 15*n + 116. What are the prime factors of z(66)?
2, 7, 79
Let l = -69 - -129. Let y be (6 + -2)*31/(-4). Let q = y + l. List the prime factors of q.
29
Let m(t) = 3*t**2 - 15*t - 7. Let n(q) = q**3 - 2*q**2 - 7*q + 3. Let o be n(4). What are the prime factors of m(o)?
5, 7
Suppose 0 = -3*s + 3*q - 0*q + 111, -5*q = 4*s - 148. Let t = -36 + 22. Let z = s + t. List the prime factors of z.
23
Let m = 4 - -2. Suppose 132 = -3*d + m*d. What are the prime factors of d?
2, 11
Let a(c) = -11*c - 87. Let v be a(-6). Let p(y) = -y + 43. What are the prime factors of p(v)?
2
Suppose 9*i = -2*i + 2068. List the prime factors of i.
2, 47
Let w(m) = 11220*m. Let p(x) = -49*x. Let u(a) = 459*p(a) + 2*w(a). Let r be u(-2). Suppose 7*n - 2*n - r = -3*o, n = o + 14. What are the prime factors of n?
2, 3
Suppose -g + 566 = -971. List the prime factors of g.
29, 53
Let z be 4 + 157 - 5/5. Suppose -2*i + 4*m + z = 0, 3 = -i - 4*m + 59. What are the prime factors of i?
2, 3
Suppose -3*s - 2*n - 3*n = -1087, 5*s - 1803 = -4*n. List the prime factors of s.
359
Let n = 776 + -410. List the prime factors of n.
2, 3, 61
Suppose 3*c + 0*c - 15 = -3*t, -5*t - 2 = -4*c. Suppose -1 = t*v + 3. What are the prime factors of 5 - (-3 + (1 - v))?
5
Suppose -4*h + 90 = -4*z - 10, 95 = 4*h - 3*z. Let w = 58 - h. Suppose -w = -2*o + y, 5*o + y = -0*y + 102. What are the prime factors of o?
2, 5
Suppose 0 = -4*x + 6*m - m - 52, 2*m - 16 = x. Suppose 4*u = 2*y + 56 + 24, -3*u + 67 = 2*y. Let z = x + u. List the prime factors of z.
13
Let r(n) be the first derivative of 2*n**3/3 + n**2/2 - 6. Let g = 77 + -76. List the prime factors of r(g).
3
Let g(p) = 6*p + 5*p**2 + 5*p**3 + 3 - 2 - 4*p**3. Let n be g(-4). What are the prime factors of 2/n + (-2260)/(-70)?
2
Let a = 42 + -17. Let m be -15 + 2*(-3)/(-6)*4. Let p = m + a. What are the prime factors of p?
2, 7
List the prime factors of 151254/(-12)*34/(-153).
2801
Let u(q) = -50*q**3 - 3*q**2 - q - 2. Let z be u(-2). Suppose -4*m - 4*y = -z, -73 = -m - 0*y + 5*y. List the prime factors of m.
3, 31
Suppose 0 = 3*f - 4055 + 122. List the prime factors of f.
3, 19, 23
Suppose -2*t + 3*t = 3. Suppose -6*u + t*u + 75 = 0. Suppose -u = -w + 29. What are the prime factors of w?
2, 3
Let w(r) = r**3 + 5*r**2 + r - 8. Let o be w(-4). Suppose o*z = 66 + 354. List the prime factors of z.
3, 5, 7
Let z(m) = m - 3. Let h be z(-3). What are the prime factors of (240/(-25))/(h/20)?
2
Suppose 5992 + 12528 = 8*p. What are the prime factors of p?
5, 463
Suppose 0*b + 60 = 5*b. Suppose 4*g - b*g + 1648 = 0. List the prime factors of g.
2, 103
Let y be (-12)/(-42) - (90/21 - 3). What are the prime factors of (-6)/((4/24)/y)?
2, 3
Let m(z) = -6*z + 30. Let s be m(-1). Let q(t) = -2*t**3 + t**2 + t. Let x be q(-1). What are the prime factors of -3 - (2 - x - s)?
3, 11
Let g = -5825 - -9590. What are the prime factors of g?
3, 5, 251
Let q be -3*1/3 + (-15)/(-3). Suppose 6*v - q*v - 52 = 0. List the prime factors of v.
2, 13
Let c(g) = g**3 - 76*g**2 - 14*g - 24. Let i(j) = 15*j**2 + 3*j + 5. Let n(r) = 2*c(r) + 11*i(r). List the prime factors of n(-6).
13
Let o = 1632 - -509. List the prime factors of o.
2141
Suppose -7*u + 3*u = 8. Let o(f) = f + 4. Let y be o(u). Suppose 4*a + 74 = 2*m, 4*m = -y*a - 63 + 181. What are the prime factors of m?
31
Let q(h) = h**3 - 9*h**2 - 12*h + 9. Let v be q(10). Let s(m) = -4*m - 13. Let b be s(v). Let i = b - 17. List the prime factors of i.
2, 7
Let o be 10 - -4*5/(-4). Suppose -17 = 2*a + 3*d - 140, -3*d - 339 = -o*a. What are the prime factors of a?
2, 3, 11
Let q be (-825)/(-9) + (-5)/(-15). Let b = -182 + q. List the prime factors of (-2)/4*(4 + b).
43
Let t = -629 - -1125. Suppose 4*i - t = -0*i. What are the prime factors of i?
2, 31
Let h = 40 - 32. Suppose -h*w = -11*w + 120. List the prime factors of w.
2, 5
Suppose -3*u = -3*b + 1374, -4*b - 928 = -6*b + 5*u. List the prime factors of b.
2, 227
Suppose 42*w + 3864 = 65*w. What are the prime factors of w?
2, 3, 7
Suppose -2*y = 5*r - 15, 0 = -5*y - r + 4*r + 53. Let x(d) be the first derivative of -d**4/4 + 11*d**3/3 - 4*d**2 + 3*d - 2. List the prime factors of x(y).
23
Let a(v) = -132*v + 131. What are the prime factors of a(-6)?
13, 71
Suppose 4*u - 2*w + 1792 = 8*u, 3*u = -w + 1344. What are the prime factors of u?
2, 7
Suppose 3*q + 269 = -5*c, 0 = 5*c - 2*q - q + 281. Let s = 35 + c. List the prime factors of (27/(-12))/(1/s).
3, 5
What are the prime factors of (-787)/(-3) + (-1 + 6)/(-15)?
2, 131
Let r(s) = 23*s**2 + 2*s - 5. Let p be r(-4). Let a = -175 + p. Suppose 3*z - 5*f = 103, 4*z - a = -0*z - 4*f. List the prime factors of z.
41
List the prime factors of ((50/3)/1)/((-4)/(-102)).
5, 17
Let h(f) = -3*f**3 + 5*f**2 + 5*f + 2. Suppose -2*t - 9*t - 33 = 0. List the prime factors of h(t).
113
Suppose -11*y + 12*y = 10. Let s(u) = -7*u**2 + 6*u - 6. Let o(b) = -6*b**2 + 7*b - 6. Let a(h) = 6*o(h) - 5*s(h). What are the prime factors of a(y)?
2, 7
Suppose y = 6*y + 235. Let g = 66 + y. List the prime factors of g.
19
Suppose -2*r + 5539 = 3*k + 1323, -2*k + 2818 = 5*r. What are the prime factors of k?
2, 3, 13
Let c be 1/4 + 219/4. List the prime factors of c + (-7)/(28/16).
3, 17
List the prime factors of (-2)/(-18) + (-88662)/(-54).
2, 821
Let z = -2 + 6. Suppose 0 = -z*t + 17 - 1. Suppose t*l = 2*c - 38, 3*l = -3 - 3. What are the prime factors of c?
3, 5
Let y(p) = -p**3 - 3*p**2 - 4*p - 4. Let u be y(-3). Suppose -4*m + 3*w - 11 = u, -5*m = w. What are the prime factors of (-29)/(m*(-2 - -3))?
29
Let g = 122 - 37. Suppose -4*s - p = -8 - 66, 0 = -5*s - 5*p + g. What are the prime factors of s?
19
Suppose 7*c - 17 = 5842. What are the prime factors of c?
3, 31
Let o be 219*3*1/9. Suppose -2*w + 17 - 115 = 0. Let r = w + o. What are the prime factors of r?
2, 3
Suppose 4*w - 4*a = -w - 8, 0 = 3*w + 5*a - 10. Suppose w*t - 356 = -4*t + 4*b, 0 = -4*t + 3*b + 356. What are the prime factors of t?
89
Let a(q) = -q**2 + 69*q + 179. What are the prime factors of a(45)?
1259
Let o = -1032 + 2067. What are the prime factors of o?
3, 5, 23
Suppose 4*c - 5403 = 7489. What are the prime factors of c?
11, 293
Suppose -4*q - 295 = -5*q - 4*c, 5*q = 2*c + 1409. What are the prime factors of q?
283
Let n(b) = -2*b**3 + 10*b**2 - 5*b + 4. Let l be n(4). Suppose -p = -4*a + 3*a + 1, -2*a - 2*p + 18 = 0. Suppose a*k - k = l. List the prime factors of k.
2
Let j = 19 + 9. Let h = j + -75. Let p = -17 - h. What are the prime factors of p?
2, 3, 5
Let w(j) = -j**2 - 42. Let k be w(0). Let l = k + 80. Suppose 3*p - 34 = l. What are the prime factors of p?
2, 3
Suppose 15*y = 17*y - 6. Suppose 2*n + y*v - 76 = -11, -2*n + 62 = 2*v. What are the prime factors of n?
2, 7
Let g(c) = -c**3 + 10*c**2 + 5*c + 6. Let v be ((-30)/(-4))/((-3)/(-4)). List the prime factors of g(v).
2, 7
Suppose 2610 + 4442 = 2*g. What are the prime factors of g?
2, 41, 43
List the prime factors of 1*(-1 + 614) + (-92)/(-23).
617
Let x(c) = -10*c - 18. Let o be x(-10). Let t(q) = -2*q**3 - 2*q**2 - 3*q + 2. Let m be t(-3). Let z = o - m. What are the prime factors of z?
5, 7
Suppose 1449 = -4*m + 7*m. List the prime factors of m.
3, 7, 23
Let s be 5*1 + (27 - 32). What are the prime factors of s/1 + 4 - (-61 - 4)?
3, 23
Let p(u) = 2*u**3 + 42. Let z be p(0). Let q = 12 + z. List the prime factors of q.
2, 3
Suppose -5326 = -7*d + 5*d - 2*q, -4*q = -16. List the prime factors of d.
2659
Let u = -63 + 108. Suppose 3*b - 5*l + 4 = 97, -u = -b - 3*l. What are the prime factors of b?
2, 3
Let l(i) = -6*i + 2. Let o be l(1). What are the prime factors of o/(-10) - (-140)/25?
2, 3
Suppose 5513 = -2*w + 15839. List the prime factors of w.
3, 1721
Let m(h) be the third derivative of -h**6/120 + 2*h**5/15 - h**4/12 + 7*h**3/6 + 6*h**2. List the prime factors of m(7).
2, 3, 7
Let x = 50 + -36. List the prime factors of (x/28)/(2/44).
11
Suppose -17 + 139 = 61*m. What are the prime factors of m?
2
Suppose -f + 99 = -3*